f 1457 and 248.
31
What is the highest common divisor of 52 and 429?
13
Calculate the highest common factor of 385 and 110.
55
Calculate the highest common factor of 1501 and 247.
19
Calculate the highest common factor of 248 and 31.
31
What is the highest common divisor of 21 and 21?
21
Calculate the greatest common factor of 189 and 2016.
63
What is the highest common divisor of 1 and 601?
1
What is the highest common factor of 6665 and 31?
31
What is the highest common divisor of 20 and 4?
4
Calculate the greatest common factor of 272 and 51.
17
Calculate the highest common factor of 7860 and 480.
60
What is the highest common divisor of 182 and 27118?
182
What is the highest common factor of 4 and 694?
2
Calculate the highest common divisor of 28 and 16.
4
Calculate the highest common divisor of 2 and 140.
2
What is the greatest common factor of 267 and 445?
89
What is the greatest common factor of 1098 and 18?
18
What is the greatest common divisor of 19 and 361?
19
What is the highest common divisor of 7 and 63?
7
What is the highest common divisor of 29073 and 33?
33
What is the highest common factor of 36 and 264?
12
What is the greatest common factor of 12 and 150?
6
Calculate the highest common factor of 234 and 8082.
18
What is the highest common factor of 90 and 3690?
90
What is the highest common factor of 104 and 13?
13
What is the highest common divisor of 632 and 1422?
158
What is the highest common factor of 5940 and 165?
165
Calculate the greatest common divisor of 296 and 814.
74
What is the highest common factor of 4181 and 259?
37
Calculate the highest common divisor of 2 and 86.
2
What is the highest common divisor of 216 and 486?
54
What is the greatest common factor of 476 and 8?
4
What is the greatest common factor of 25 and 2535?
5
Calculate the highest common factor of 104 and 11128.
104
Calculate the greatest common factor of 136 and 204.
68
Calculate the greatest common factor of 63 and 1557.
9
What is the highest common divisor of 864 and 792?
72
Calculate the highest common divisor of 231 and 6363.
21
Calculate the highest common factor of 4278 and 5394.
186
Calculate the greatest common factor of 18 and 882.
18
What is the greatest common divisor of 85 and 15385?
85
Calculate the greatest common factor of 280 and 490.
70
What is the highest common divisor of 335 and 2613?
67
What is the greatest common divisor of 378 and 182?
14
What is the greatest common divisor of 7 and 14?
7
Calculate the highest common divisor of 48365 and 85.
85
Calculate the highest common factor of 6535 and 5.
5
What is the greatest common factor of 32328 and 144?
72
What is the highest common factor of 56 and 364?
28
Calculate the greatest common factor of 17 and 1921.
17
Calculate the greatest common factor of 28 and 19152.
28
Calculate the highest common divisor of 10602 and 36.
18
What is the greatest common divisor of 1794 and 2093?
299
Calculate the greatest common factor of 392 and 224.
56
What is the highest common divisor of 1970 and 18124?
394
Calculate the greatest common factor of 2771 and 17.
17
What is the highest common factor of 819 and 182?
91
Calculate the greatest common divisor of 292 and 4.
4
Calculate the highest common divisor of 2 and 10.
2
Calculate the greatest common factor of 429 and 286.
143
What is the highest common factor of 8 and 44?
4
Calculate the greatest common factor of 1190 and 28.
14
What is the highest common factor of 4 and 86?
2
What is the greatest common divisor of 198 and 4488?
66
Calculate the highest common divisor of 79 and 21330.
79
Calculate the greatest common divisor of 34 and 833.
17
What is the highest common factor of 39 and 2925?
39
Calculate the greatest common factor of 515 and 103.
103
Calculate the greatest common divisor of 63 and 399.
21
What is the greatest common divisor of 30 and 350?
10
What is the greatest common divisor of 308 and 176?
44
Calculate the highest common factor of 13525 and 75.
25
What is the highest common factor of 24 and 264?
24
Calculate the greatest common factor of 9882 and 72.
18
What is the highest common factor of 90 and 765?
45
Calculate the highest common factor of 4 and 3.
1
Calculate the greatest common divisor of 88 and 110.
22
What is the greatest common factor of 63 and 693?
63
Calculate the greatest common divisor of 470 and 13865.
235
What is the greatest common divisor of 5253 and 51?
51
Calculate the greatest common divisor of 576 and 256.
64
Calculate the highest common factor of 1199 and 891.
11
Calculate the greatest common divisor of 745 and 10.
5
What is the greatest common divisor of 24 and 36?
12
Calculate the highest common factor of 1736 and 21.
7
Calculate the greatest common factor of 180 and 144.
36
What is the greatest common factor of 32361 and 69?
69
Calculate the greatest common factor of 4071 and 2.
1
What is the greatest common divisor of 8 and 4?
4
What is the highest common factor of 2560 and 20?
20
Calculate the highest common divisor of 104 and 4732.
52
Calculate the highest common divisor of 414 and 576.
18
Calculate the highest common factor of 360 and 1368.
72
What is the highest common factor of 8142 and 414?
138
Calculate the highest common divisor of 10 and 670.
10
What is the highest common factor of 980 and 64?
4
What is the greatest common factor of 1666 and 3213?
119
What is the highest common divisor of 113 and 904?
113
Calculate the highest common divisor of 16 and 656.
16
Calculate the highest common divisor of 21 and 525.
21
What is the greatest common factor of 1403 and 69?
23
What is the greatest common divisor of 30 and 160?
10
What is the greatest common factor of 22 and 374?
22
What is the greatest common factor of 351 and 429?
39
What is the greatest common factor of 29107 and 13?
13
Calculate the greatest common divisor of 40 and 1020.
20
What is the highest common divisor of 2 and 81?
1
Calculate the greatest common divisor of 208 and 13.
13
Calculate the highest common divisor of 892 and 1.
1
What is the greatest common factor of 729 and 54?
27
Calculate the highest common divisor of 344 and 24.
8
What is the highest common factor of 1455 and 15?
15
What is the highest common divisor of 22 and 2827?
11
What is the highest common divisor of 154 and 847?
77
Calculate the highest common divisor of 261 and 18.
9
Calculate the highest common divisor of 4 and 302.
2
What is the greatest common factor of 40 and 1160?
40
Calculate the highest common factor of 8 and 56.
8
What is the greatest common factor of 304 and 1026?
38
Calculate the highest common factor of 15 and 165.
15
What is the greatest common divisor of 12 and 126?
6
Calculate the greatest common divisor of 12 and 4.
4
What is the highest common factor of 738 and 72?
18
What is the highest common divisor of 5012 and 56?
28
What is the highest common divisor of 304 and 96?
16
Calculate the highest common divisor of 14 and 2.
2
Calculate the highest common factor of 3210 and 20.
10
What is the highest common factor of 901 and 17?
17
Calculate the highest common factor of 39 and 663.
39
What is the highest common divisor of 95 and 4883?
19
What is the highest common factor of 341 and 31?
31
What is the greatest common factor of 950 and 50?
50
Calculate the greatest common factor of 18 and 738.
18
What is the greatest common divisor of 12 and 3390?
6
What is the greatest common factor of 12 and 21812?
4
What is the greatest common factor of 4 and 34?
2
Calculate the highest common factor of 7 and 6293.
7
Calculate the highest common divisor of 142 and 2201.
71
What is the highest common divisor of 57 and 703?
19
Calculate the highest common divisor of 137 and 1233.
137
What is the greatest common factor of 59 and 118?
59
Calculate the highest common divisor of 74 and 3774.
74
What is the greatest common factor of 5915 and 195?
65
What is the greatest common divisor of 74 and 925?
37
What is the highest common divisor of 10350 and 18?
18
Calculate the greatest common factor of 265 and 53.
53
Calculate the greatest common factor of 62 and 2.
2
What is the greatest common factor of 14734 and 278?
278
What is the greatest common divisor of 4 and 38?
2
Calculate the greatest common factor of 189 and 2331.
63
What is the highest common factor 